{"id":151,"date":"2012-03-23T15:39:30","date_gmt":"2012-03-23T15:39:30","guid":{"rendered":"http:\/\/grizzly-dev.wegrass.com\/?page_id=151"},"modified":"2013-02-12T15:51:27","modified_gmt":"2013-02-12T14:51:27","slug":"vara-tjanster","status":"publish","type":"page","link":"https:\/\/smartsolutions.se\/?page_id=151","title":{"rendered":"V\u00e5ra tj\u00e4nster"},"content":{"rendered":"<h3 class=\"section-title  section-lined\"><span>Utveckling<\/span><\/h3>\n<p style=\"padding-left: 30px;\">Smart Solutions utvecklar och tar fram nya tj\u00e4nster och funktioner i samarbete med v\u00e5ra kunder, d\u00e4r kvalitet, s\u00e4kerhet och milj\u00f6 s\u00e4tts i fr\u00e4msta rummet. Detta g\u00f6r att vi hela tiden ligger i framkant med den senaste tekniken. V\u00e5rt m\u00e5l \u00e4r att g\u00f6ra teknik l\u00f6nsam, genom att g\u00f6ra den p\u00e5litlig, anv\u00e4ndarv\u00e4nlig och kostnadseffektiv. Vi tror p\u00e5 l\u00e5ngsiktiga relationer, b\u00e5de med kunder och medarbetare. H\u00e4r presenteras vilka tj\u00e4nster vi, tillsammans med kunder har tagit fram.<\/p>\n","protected":false},"excerpt":{"rendered":"<p>Smart Solutions utvecklar och tar fram nya tj\u00e4nster och funktioner i samarbete med v\u00e5ra kunder, d\u00e4r kvalitet, s\u00e4kerhet och milj\u00f6 s\u00e4tts i fr\u00e4msta rummet. Detta g\u00f6r att vi hela tiden ligger i framkant med den senaste tekniken. V\u00e5rt m\u00e5l \u00e4r att g\u00f6ra teknik l\u00f6nsam, genom att g\u00f6ra den p\u00e5litlig, anv\u00e4ndarv\u00e4nlig och kostnadseffektiv. Vi tror p\u00e5<\/p>\n<p><a href=\"https:\/\/smartsolutions.se\/?page_id=151\">L\u00e4s mer &rarr;<\/a><\/p>\n","protected":false},"author":3,"featured_media":0,"parent":0,"menu_order":3,"comment_status":"open","ping_status":"closed","template":"template-apps-archive.php","meta":{"footnotes":""},"class_list":["post-151","page","type-page","status-publish","hentry"],"_links":{"self":[{"href":"https:\/\/smartsolutions.se\/index.php?rest_route=\/wp\/v2\/pages\/151","targetHints":{"allow":["GET"]}}],"collection":[{"href":"https:\/\/smartsolutions.se\/index.php?rest_route=\/wp\/v2\/pages"}],"about":[{"href":"https:\/\/smartsolutions.se\/index.php?rest_route=\/wp\/v2\/types\/page"}],"author":[{"embeddable":true,"href":"https:\/\/smartsolutions.se\/index.php?rest_route=\/wp\/v2\/users\/3"}],"replies":[{"embeddable":true,"href":"https:\/\/smartsolutions.se\/index.php?rest_route=%2Fwp%2Fv2%2Fcomments&post=151"}],"version-history":[{"count":0,"href":"https:\/\/smartsolutions.se\/index.php?rest_route=\/wp\/v2\/pages\/151\/revisions"}],"wp:attachment":[{"href":"https:\/\/smartsolutions.se\/index.php?rest_route=%2Fwp%2Fv2%2Fmedia&parent=151"}],"curies":[{"name":"wp","href":"https:\/\/api.w.org\/{rel}","templated":true}]}}